 divide 3327947?
False
Does 46 divide 707664?
True
Does 1055 divide 4521730?
True
Does 126 divide 1086581?
False
Is 4361669 a multiple of 854?
False
Is 265 a factor of 578585?
False
Is 161625 a multiple of 18?
False
Is 424726 a multiple of 196?
False
Is 7605279 a multiple of 319?
True
Is 208 a factor of 2780544?
True
Is 2581128 a multiple of 12?
True
Is 5551174 a multiple of 8?
False
Is 68 a factor of 4488?
True
Does 494 divide 109135?
False
Is 650094 a multiple of 46?
False
Is 191 a factor of 2393803?
True
Is 2 a factor of 341097?
False
Is 65498 a multiple of 1016?
False
Is 3 a factor of 435?
True
Does 13 divide 1756898?
True
Does 266 divide 586796?
True
Is 8818572 a multiple of 831?
True
Does 56 divide 2290?
False
Is 182 a factor of 296865?
False
Does 3 divide 61710?
True
Does 872 divide 2370096?
True
Is 138 a factor of 77970?
True
Is 151152 a multiple of 402?
True
Does 112 divide 2566256?
True
Does 41 divide 1183096?
True
Does 20 divide 229213?
False
Is 778 a factor of 6124416?
True
Does 347 divide 1474878?
False
Does 252 divide 74088?
True
Does 1303 divide 10638943?
False
Does 87 divide 47328?
True
Is 3 a factor of 89079?
True
Does 78 divide 109291?
False
Is 3046472 a multiple of 13?
True
Does 214 divide 75542?
True
Is 27 a factor of 5346?
True
Is 179073 a multiple of 197?
True
Is 56 a factor of 3584?
True
Does 28 divide 1544788?
True
Is 16 a factor of 3044934?
False
Is 45583 a multiple of 10?
False
Is 682 a factor of 2714453?
False
Is 62 a factor of 256556?
True
Is 213 a factor of 99617?
False
Is 1690098 a multiple of 680?
False
Is 102920 a multiple of 124?
True
Does 110 divide 91630?
True
Is 165 a factor of 1473706?
False
Is 61 a factor of 19459?
True
Is 322 a factor of 826896?
True
Is 51247 a multiple of 15?
False
Does 343 divide 92870?
False
Does 38 divide 412124?
False
Is 119568 a multiple of 4?
True
Is 1749930 a multiple of 13?
True
Is 4979179 a multiple of 199?
True
Is 69 a factor of 3290981?
False
Does 159 divide 9710773?
False
Does 11 divide 2086007?
True
Does 251 divide 10032992?
False
Is 3050160 a multiple of 71?
True
Is 57 a factor of 202065?
True
Does 147 divide 775278?
True
Is 95 a factor of 21741?
False
Is 18 a factor of 1305934?
False
Is 18 a factor of 1148905?
False
Is 723384 a multiple of 6?
True
Does 41 divide 168920?
True
Is 8 a factor of 7287888?
True
Is 12 a factor of 206337?
False
Is 76774 a multiple of 20?
False
Does 161 divide 9367785?
True
Does 722 divide 606243?
False
Is 194526 a multiple of 606?
True
Does 110 divide 2072760?
False
Is 580 a factor of 2018980?
True
Is 14 a factor of 138886?
False
Is 50 a factor of 4637?
False
Does 4 divide 12180?
True
Is 1729 a multiple of 7?
True
Does 6 divide 2150073?
False
Is 7 a factor of 3227617?
False
Is 5590851 a multiple of 147?
True
Does 157 divide 126992?
False
Does 113 divide 967018?
False
Is 1943190 a multiple of 15?
True
Does 446 divide 6142312?
True
Is 1138695 a multiple of 15?
True
Is 41269 even?
False
Is 9610650 a multiple of 1350?
True
Does 68 divide 5485?
False
Does 74 divide 179302?
True
Does 35 divide 45360?
True
Is 6 a factor of 205387?
False
Does 207 divide 125442?
True
Does 253 divide 919655?
True
Is 1612677 a multiple of 275?
False
Is 1295219 a multiple of 21?
False
Is 1772360 a multiple of 8?
True
Does 685 divide 3530490?
True
Does 3 divide 178005?
True
Is 24 a factor of 2262624?
True
Is 194092 a multiple of 2?
True
Is 867 a factor of 4502285?
False
Is 3 a factor of 82410?
True
Is 59 a factor of 18939?
True
Does 14 divide 19110?
True
Does 203 divide 883851?
False
Does 225 divide 162536?
False
Is 348 a factor of 484567?
False
Is 41200 a multiple of 206?
True
Is 107855 a multiple of 55?
True
Does 15 divide 2916990?
True
Does 15 divide 859134?
False
Is 595749 a multiple of 31?
False
Is 78798 a multiple of 16?
False
Does 31 divide 296141?
False
Does 51 divide 1445595?
True
Is 186252 a multiple of 51?
True
Is 83520 a multiple of 139?
False
Is 114 a factor of 1043627?
False
Is 91671 a multiple of 22?
False
Is 45 a factor of 11293380?
True
Does 6 divide 136242?
True
Is 5307354 a multiple of 277?
False
Is 343056 a multiple of 56?
True
Is 6813286 a multiple of 268?
False
Is 14806588 a multiple of 29?
True
Is 169500 a multiple of 341?
False
Does 128 divide 34594?
False
Is 25826 a multiple of 15?
False
Does 49 divide 1793205?
False
Is 101 a factor of 1618626?
True
Does 20 divide 913520?
True
Does 13 divide 3887?
True
Is 6 a factor of 58119?
False
Is 118758 a multiple of 8?
False
Is 95268 a multiple of 34?
True
Is 4 a factor of 547986?
False
Is 176 a factor of 98353?
False
Is 25 a factor of 8402?
False
Does 294 divide 1041348?
True
Is 22 a factor of 353166?
True
Is 467740 a multiple of 65?
True
Is 182 a factor of 1099462?
True
Is 71 a factor of 2282340?
False
Is 5 a factor of 18462?
False
Does 26 divide 6780488?
True
Is 2380 a factor of 17392138?
False
Is 5761418 a multiple of 24?
False
Is 848380 a multiple of 5?
True
Is 159 a factor of 12038049?
True
Is 185326 a multiple of 19?
True
Is 743410 a multiple of 85?
True
Does 16 divide 4229936?
True
Is 17 a factor of 458286?
True
Is 1392339 a multiple of 157?
False
Is 34 a factor of 81430?
True
Is 40 a factor of 1968760?
True
Is 64 a factor of 3876864?
True
Is 378086 a multiple of 38?
False
Is 130 a factor of 564980?
True
Is 178645 a multiple of 3?
False
Is 65670 a multiple of 66?
True
Is 16140381 a multiple of 173?
True
Does 52 divide 169312?
True
Is 119718 a multiple of 13?
False
Does 34 divide 60006?
False
Is 61249 a multiple of 9?
False
Is 123 a factor of 16701555?
True
Is 66 a factor of 832590?
True
Is 90 a factor of 70140?
False
Is 2051775 a multiple of 45?
True
Is 4980558 a multiple of 2346?
True
Is 26 a factor of 5388188?
True
Is 127855 a multiple of 682?
False
Is 47 a factor of 17293415?
True
Is 13362 a multiple of 2?
True
Does 21 divide 467061?
True
Is 615864 a multiple of 536?
True
Does 215 divide 310890?
True
Does 65 divide 1052935?
True
Does 879 divide 176720?
False
Does 188 divide 24606?
False
Does 6 divide 62874?
True
Is 362544 a multiple of 166?
True
Does 12 divide 154277?
False
Is 11 a factor of 78254?
True
Does 71 divide 3672262?
True
Is 398353 a multiple of 7?
False
Is 128 a factor of 2265807?
False
Is 9 a factor of 438153?
False
Is 164 a factor of 393124?
False
Is 274 a factor of 10686?
True
Is 2308 a factor of 25718044?
True
Is 1519 a factor of 1677839?
False
Is 54524 a multiple of 43?
True
Is 129846 a multiple of 11?
False
Is 73752 a multiple of 84?
True
Is 3 a factor of 938787?
True
Is 19 a factor of 71480?
False
Is 240 a factor of 142172?
False
Is 3298114 a multiple of 94?
False
Is 1838152 a multiple of 10?
False
Is 449 a factor of 230786?
True
Does 10 divide 274690?
True
Does 215 divide 1291935?
True
Is 9 a factor of 70575?
False
Does 3 divide 20535?
True
Does 162 divide 16956540?
True
Does 14 divide 142909?
False
Is 36641 a multiple of 18?
False
Does 113 divide 61020?
True
Is 28 a factor of 1877064?
True
Is 206045 a multiple of 29?
True
Does 291 divide 22417881?
False
Is 41 a factor of 24682?
True
Is 62 a factor of 1961799?
False
Does 201 divide 2187885?
True
Is 24 a factor of 126149?
False
Is 1321374 a multiple of 1038?
True
Is 11 a factor of 112684?
True
Is 112 a factor of 60256?
True
Is 1918854 a multiple of 3?
True
Does 33 divide 2998842?
True
Does 104 divide 518856?
True
Does 54 divide 216867?
False
Is 8 a factor of 704104?
True
Is 9 a factor of 546764?
False
Does 7 divide 15106?
True
Is 7 a factor of 11310486?
False
Is 658 a factor of 1116227?
False
Is 19 a factor of 154964?
True
Is 8 a factor of 25519?
False
Is 1070120 a multiple of 19?
False
Is 54504 a multiple of 5?
False
Does 27 divide 10315344?
False
Does 21 divide 1172913?
True
Does 614 divide 13145229?
False
Does 413 divide 268574?
False
Is 2675958 a multiple of 12?
False
Is 4629216 a multiple of 96?
True
Is 219 a factor of 37668?
True
Is 528 a factor of 23232?
True
Does 149 divide 4683311?
False
Does 8 divide 13586?
False
Does 13 divide 4492111?
True
Is 223 a factor of 21558277?
False
Is 45 a factor of 1824323?
False
Does 62 divide 181784?
True
Does 2260 divide 2273266?
False
Is 124 a factor of 4095174?
False
Does 305 divide 1324?
False
Is 22 a factor of 7331634?
False
Is 1522821 a multiple of 47?
False
Is 934127 a multiple of 3